 b + 5*n = 0, -4*n - 8 = -2*n. What is the remainder when 175 is divided by b?
15
Suppose 5*q = 9 - 4. What is the remainder when q is divided by -2 + 5 - (2 + 0)?
0
Let o be -2*-10*(-2)/(-8). Suppose 158 = o*m - 2*v, v - 26 + 121 = 3*m. Calculate the remainder when m is divided by 7.
4
Suppose t = 189 - 59. What is the remainder when t is divided by 11?
9
Let r(c) = -11*c**2 + 22*c - 27. Let u(k) = -5*k**2 + 11*k - 13. Let v(n) = 6*r(n) - 13*u(n). What is the remainder when v(-8) is divided by 8?
7
What is the remainder when 288 is divided by -7 + (5 + -18)*-8?
94
Suppose -60 = -2*s + 5*n, 0 = 4*s - 2*n - 85 - 67. Suppose -s = -5*x + 5*q + 25, q = 3. What is the remainder when 45 is divided by x?
13
Let r(b) = b**2 + 9*b + 5. Let g be r(-9). Let t(l) = 8 + l**2 + g - 19*l - 1 + 8*l. Calculate the remainder when 47 is divided by t(12).
23
Suppose 2*m - 54 + 1 = -b, -b - 47 = -2*m. What is the remainder when 96 is divided by m?
21
Let p(h) = 3 - 1 + h + 1 - h**2. Let k be -2*(-2)/4 - 1. Calculate the remainder when 4 is divided by p(k).
1
Suppose 13*w = 9*w + 4. Let h be (w - -1)/((-14)/(-84)). Suppose -4*q + q = -h. Calculate the remainder when 12 is divided by q.
0
Let c(a) = -3*a**2 - 11*a + 3. Let s(z) = -1. Let t(l) = -c(l) - 6*s(l). Calculate the remainder when t(-4) is divided by 4.
3
Suppose 6*w + 330 = 3*z + 3*w, -w - 3 = 0. Let m = 209 - z. Calculate the remainder when m is divided by 13.
11
Let s = 26 - 1. Suppose 2*k - k = 5*x - 130, -5*k + s = 0. What is the remainder when x is divided by 7?
6
Suppose -t + 70 = 4*t. Calculate the remainder when 340/t - 8/28 is divided by 14.
10
Let w(g) = -g**2 + 9*g + 3. Let p be w(4). Suppose -2*a = f - p, a + 4 = 2*a + 2*f. Calculate the remainder when a is divided by 5.
4
Suppose 3*n = 130 + 38. Suppose 0 = -2*h + 2*y - 6 + 44, h - 19 = -8*y. Calculate the remainder when n is divided by h.
18
Let h(b) = -b**2 + 4. Let q be h(-3). Calculate the remainder when 15/(-6)*64/q is divided by 7.
4
What is the remainder when 2138/9 + 132/297 is divided by 10?
8
Suppose -83 + 44 = -f + 4*h, -4*h = 2*f - 78. What is the remainder when 187 is divided by f?
31
Suppose -2*l - 2*j - 8 = 2*j, 3*l + 2*j - 8 = 0. Suppose -4*v + l*v = 4. Let p(b) = b + 2. Calculate the remainder when p(3) is divided by v.
1
Let w(n) = -2*n + 0 + 1 - 12. What is the remainder when (9/2)/((-9)/(-24)) is divided by w(-9)?
5
Suppose 3069*g + 581 = 3076*g. Calculate the remainder when 492 is divided by g.
77
Let v = -2 - -2. Suppose 5*y - 5 + v = 0. Calculate the remainder when 13 is divided by (y/(-2))/(6/(-48)).
1
Calculate the remainder when 48 is divided by (-957)/(-55) - -2*(-3)/15.
14
Let v(i) = -3*i + 39. Let l = -46 - -58. What is the remainder when 4 is divided by v(l)?
1
Suppose -152 + 170 = 3*g. What is the remainder when 16 is divided by g?
4
Let b be (9*1)/((-6)/(-12)). Suppose -c - t + b = -32, c - 3*t - 34 = 0. Let g = c + -23. What is the remainder when 112 is divided by g?
20
Suppose 25*n - 585 = 20*n. Let j = -82 + n. Calculate the remainder when j is divided by (-2)/(2/(-9)) + 0.
8
Let d = 252 - 242. Calculate the remainder when 85 is divided by d.
5
Let s(b) = -b**2 + 14*b + 7. Let i be s(13). What is the remainder when ((-36)/15)/((-8)/i - 0) is divided by (8/8)/((-1)/(-4))?
2
Suppose -26 + 546 = 4*a. Suppose 3*r = -2*r + a. Suppose 0 = 4*l - 3*t - 42, -3*l - l + r = 5*t. Calculate the remainder when 44 is divided by l.
8
Let o(a) = 18*a + 6. Let h be o(3). Suppose 0 = 3*f - 8*f + h. Suppose -2*s = -17 + 3. What is the remainder when f is divided by s?
5
Suppose 2861 = 85*f - 4024. What is the remainder when 283 is divided by f?
40
Suppose -1 - 138 = -k - 4*g, -k + 5*g = -103. Let j(n) = 8*n**2 + 20*n - 30. What is the remainder when k is divided by j(2)?
39
Let z(x) = 635*x - 4. Let m be z(2). Let p = -18 - -32. Calculate the remainder when 2/8 + m/24 is divided by p.
11
What is the remainder when -7*(1 + (66/(-21))/2) is divided by 1?
0
Let c = -118 - -118. Suppose c*k + 5*k = -4*f + 872, 0 = -4*f + 4*k + 908. What is the remainder when f is divided by 45?
43
Let k be 2/(-6) + 39/9. Suppose -5 = -k*l + 7. Let f = -6 - -12. Calculate the remainder when f is divided by l.
0
Suppose -3*g = 4*i - 6*g - 348, 3*i + g - 261 = 0. Calculate the remainder when i is divided by 31.
25
Let h be (3662/(-14) + 3/(-7))/(-2). Suppose -12*u + 13*u = h. Calculate the remainder when u is divided by 44.
43
Let s = 0 + 3. Let q be -1*(-3)/6*0. Suppose -5*a + 0*a + 20 = q. Calculate the remainder when a is divided by s.
1
Let t be 6 + (-1 - (2 + -1)). Suppose -7*o - 25 = -2*y - 4*o, 2*y = -5*o + 33. Calculate the remainder when 55/10*(y - t) is divided by 19.
17
Calculate the remainder when (-8 + 172)*(-2)/(-8) is divided by 15.
11
Suppose -2*f + 0*f - 10 = 0. Let c(r) = r**2 + 3*r - 6. What is the remainder when 29*(-2)/(-6) - (-4)/(-6) is divided by c(f)?
1
Let w(n) = n**3 - 3*n**2 + 6*n - 54. Let h = 20 - 7. What is the remainder when w(6) is divided by h?
12
Suppose -5*z + 15 = -2*z. Suppose 2*j + 289 = z*x + 4*j, -280 = -5*x - 5*j. Calculate the remainder when x is divided by 5.
4
Suppose 0 = -2*z - 5*c - 18, 0*z + 32 = -3*z - 5*c. Let p = -4 - z. Calculate the remainder when 39 is divided by p.
9
Let i(t) = t**3 - 6*t**2 + 4*t - 3. Suppose 0 = 2*c - 6 - 6. Let z = c - 0. Calculate the remainder when 62 is divided by i(z).
20
Suppose -2*c + 13*c = 44. Suppose -s + 2*r = -16 - 3, s - c = -3*r. Calculate the remainder when s is divided by 7.
6
Calculate the remainder when 150 is divided by (-95)/10*(15 - 17).
17
Suppose -8157 = -35*c + 17428. What is the remainder when c is divided by 61?
60
Let q be (0 + -2)*(-2)/4. Let j = 43 + -8. What is the remainder when j is divided by (q - 2)/(1/(-19))?
16
Let l(s) be the first derivative of 7*s**2/2 - s + 14. Let i be l(-9). Calculate the remainder when (2 - i) + (-2 - -3) is divided by 23.
21
Suppose 4*w - 1105 = -3*l, 3*l - 1144 = 2*w - 63. Calculate the remainder when l is divided by 25.
13
What is the remainder when 669 is divided by 35/28*89 - (-3)/4?
109
Suppose 0 = 5*l + 5*o - 1145, -695 = -3*l + 6*o - o. Calculate the remainder when l is divided by 29.
27
Suppose -h - 3*h + 0*h = 0. Suppose h*g - 2*g = -46. What is the remainder when g is divided by 6?
5
Let y = -2 + 69. Calculate the remainder when y is divided by 10.
7
Let r be (-3 + 1)*15/6. Let g(i) = -19*i - 34. Calculate the remainder when g(r) is divided by 32/(-6)*3*-1.
13
Calculate the remainder when 498 is divided by 159/18 - -2 - 40/48.
8
Let t(h) = h**3 + 6*h**2 - 2*h - 2. Let z(c) = -c**3 + 9*c**2 - c + 10. Let r be z(9). What is the remainder when 51*r - 16/4 is divided by t(-6)?
7
Suppose 220 = 2*z + 8*z. What is the remainder when (1 + 0)*4 - -127 is divided by z?
21
Suppose 2*r = -w + 569, 3*r = -2*w + 8 + 844. What is the remainder when r is divided by 32?
30
Suppose p + 9*q - 10 = 4*q, 5*p + 2 = q. Suppose 0 = 8*v - p*v - 40. Suppose -103 = -6*b + v*b. Calculate the remainder when b is divided by 26.
25
What is the remainder when 181 is divided by (-22987)/(-254) + (-2)/(-4)?
90
Suppose -100 = -2*i + 2*c, -4*i - c + 244 = i. What is the remainder when 220 is divided by i?
24
Suppose r + 6*r - 217 = 0. Suppose -4*d + 16 = 0, d + 66 = -2*p + 1290. Suppose -4*a + p = a. What is the remainder when a is divided by r?
29
Suppose -3*u - 33 = -36. Calculate the remainder when 26 is divided by (-1 - 2)*-2 + u.
5
Let g(n) = -n**3 + 13*n**2 - 25*n + 179. Calculate the remainder when 138 is divided by g(12).
0
Suppose 2*t + 0*t = 5*u + 202, 5*t - 5 = 0. Calculate the remainder when 1 + 1/4 + (-1350)/u is divided by 12.
11
Suppose 3*h + 6*c - 1541 = 2*c, -h + 3*c + 505 = 0. Calculate the remainder when h is divided by 19.
17
Let c = -1079 + 1089. What is the remainder when 518 is divided by c?
8
Suppose -39*v - 25*v = 11*v - 1425. What is the remainder when (-337)/(-5) - 4/10 is divided by v?
10
Suppose -32 = -8*q - 8. Suppose -4*u - 13 = 4*w - 85, -4*w + 58 = -q*u. Calculate the remainder when 26 is divided by w.
10
Suppose -2*w - 56 = -80. Calculate the remainder when 46 is divided by w.
10
Let w = -2459 + 3357. What is the remainder when w is divided by 30?
28
Suppose -u - 16 = -32. What is the remainder when u is div